ivisor of 38251648 and 64?
64
Calculate the highest common divisor of 19859 and 21.
7
Calculate the greatest common factor of 16124 and 1856.
116
What is the greatest common divisor of 460190 and 306?
34
Calculate the greatest common factor of 765 and 31875.
255
Calculate the greatest common factor of 22837 and 82.
41
What is the greatest common factor of 68 and 4141268?
68
Calculate the highest common factor of 244945 and 135.
5
What is the greatest common factor of 3052 and 86546?
218
Calculate the highest common factor of 64 and 4492.
4
What is the greatest common divisor of 1920 and 1812?
12
Calculate the highest common divisor of 720 and 176130.
90
What is the greatest common factor of 4558812 and 141?
141
What is the greatest common factor of 137663 and 5757?
101
Calculate the highest common factor of 10511 and 1633.
23
What is the greatest common divisor of 141 and 151481?
47
Calculate the highest common divisor of 7659 and 218707.
851
Calculate the greatest common factor of 904 and 192.
8
What is the highest common divisor of 7176 and 513968?
104
Calculate the highest common factor of 38714 and 1378.
26
What is the highest common factor of 18 and 9438?
6
Calculate the highest common divisor of 145 and 4843.
29
Calculate the greatest common factor of 44 and 18238.
22
What is the highest common factor of 61641 and 14459?
761
What is the highest common divisor of 1218 and 1081178?
406
What is the highest common factor of 438 and 811322?
146
What is the highest common divisor of 19465 and 229?
229
Calculate the highest common factor of 60 and 60690.
30
Calculate the greatest common factor of 5 and 1771045.
5
Calculate the highest common factor of 686 and 4956.
14
What is the greatest common factor of 3759 and 3633?
21
Calculate the greatest common divisor of 13432 and 47288.
184
Calculate the highest common divisor of 2486 and 319.
11
Calculate the highest common divisor of 20 and 8356.
4
What is the highest common factor of 6882 and 318?
6
What is the greatest common divisor of 4493128 and 1272?
424
Calculate the greatest common factor of 725874 and 8558.
778
Calculate the highest common divisor of 27132 and 442.
34
Calculate the highest common divisor of 393 and 7926.
3
What is the greatest common divisor of 120 and 10290?
30
Calculate the highest common divisor of 127510 and 530.
10
Calculate the highest common divisor of 580 and 37816.
116
Calculate the highest common factor of 73 and 795335.
73
Calculate the greatest common factor of 2801045 and 130.
65
What is the highest common factor of 130 and 39234?
26
What is the greatest common divisor of 2277 and 119955?
33
Calculate the highest common divisor of 9035 and 2242487.
1807
Calculate the highest common divisor of 4611 and 11607.
159
What is the greatest common factor of 198 and 2154?
6
What is the greatest common divisor of 139 and 8227688?
139
Calculate the highest common divisor of 6578 and 12298.
286
Calculate the highest common factor of 30083 and 134.
67
What is the greatest common factor of 106170 and 885?
15
What is the greatest common divisor of 180 and 180612?
36
What is the highest common factor of 14375 and 1125?
125
What is the greatest common divisor of 5372 and 5644?
68
What is the greatest common factor of 1049220 and 162?
54
What is the greatest common factor of 794456 and 312?
104
What is the highest common divisor of 9008 and 528?
16
What is the highest common factor of 1683 and 144925?
187
Calculate the highest common factor of 154133 and 1358.
679
Calculate the highest common factor of 1616288 and 5088.
1696
Calculate the greatest common factor of 15987 and 1095.
219
Calculate the greatest common factor of 67045 and 8162.
583
What is the highest common divisor of 2009 and 779?
41
What is the highest common divisor of 176 and 3113?
11
Calculate the highest common divisor of 286 and 39644.
22
Calculate the highest common divisor of 10704648 and 2008.
2008
What is the highest common factor of 69 and 21459?
69
What is the greatest common factor of 32905 and 35?
5
Calculate the greatest common factor of 1514142 and 27.
9
What is the highest common factor of 52 and 58708?
52
What is the greatest common divisor of 26650 and 5?
5
Calculate the greatest common factor of 1382 and 826.
2
Calculate the highest common factor of 2432 and 47808.
64
What is the highest common divisor of 94 and 13865?
47
Calculate the greatest common factor of 5120 and 22840.
40
Calculate the highest common divisor of 1100 and 26395.
5
What is the greatest common divisor of 893 and 2033?
19
Calculate the greatest common divisor of 48125 and 41125.
875
Calculate the greatest common divisor of 68 and 868003.
17
What is the highest common factor of 3840 and 49728?
192
What is the greatest common divisor of 913 and 1661?
11
Calculate the greatest common factor of 185738 and 98.
14
Calculate the greatest common divisor of 6533 and 752.
47
What is the greatest common divisor of 450 and 15555?
15
Calculate the greatest common divisor of 1952 and 183.
61
What is the highest common factor of 126 and 44632?
14
Calculate the highest common divisor of 896 and 5760.
128
Calculate the greatest common factor of 1068 and 412070.
178
Calculate the highest common divisor of 284 and 132628.
284
Calculate the greatest common divisor of 24412 and 15437.
359
Calculate the highest common divisor of 70 and 858018.
14
Calculate the greatest common divisor of 38222 and 87.
29
What is the greatest common factor of 232 and 1652594?
58
What is the greatest common divisor of 4764 and 32?
4
What is the greatest common divisor of 6725 and 31075?
25
What is the highest common factor of 10 and 205050?
10
What is the greatest common factor of 747865 and 14920?
1865
What is the greatest common factor of 575 and 1067315?
115
What is the highest common factor of 130 and 134290?
130
What is the greatest common divisor of 114045 and 45?
15
What is the greatest common divisor of 215 and 319619?
43
Calculate the greatest common factor of 116678 and 2056.
514
What is the highest common factor of 6365 and 2375?
95
What is the greatest common divisor of 13367965 and 5?
5
Calculate the highest common divisor of 1239 and 574188.
177
What is the greatest common factor of 77755 and 20?
5
Calculate the highest common divisor of 29 and 2689.
1
What is the greatest common divisor of 252 and 909?
9
What is the highest common divisor of 3720 and 4050?
30
What is the greatest common factor of 103 and 564955?
103
What is the highest common divisor of 89 and 379229?
89
What is the highest common divisor of 119662 and 423?
47
Calculate the greatest common factor of 15 and 7275.
15
Calculate the greatest common divisor of 49179 and 26871.
507
What is the greatest common divisor of 128 and 33248?
32
What is the highest common divisor of 223120 and 80?
80
What is the greatest common factor of 160 and 41840?
80
What is the greatest common divisor of 18037088 and 1198?
1198
What is the highest common factor of 99344 and 7?
7
Calculate the highest common factor of 285 and 677046.
57
What is the highest common divisor of 4924 and 12?
4
Calculate the greatest common factor of 12030 and 42506.
802
Calculate the highest common factor of 185081 and 3887.
299
Calculate the greatest common divisor of 14421 and 765831.
759
What is the highest common divisor of 50 and 266325?
25
What is the highest common factor of 178 and 500002?
178
Calculate the greatest common divisor of 156 and 22872.
12
What is the highest common factor of 1377153 and 612?
153
Calculate the highest common divisor of 5013 and 27.
9
What is the highest common factor of 185 and 1640?
5
Calculate the greatest common factor of 2516 and 86836.
68
What is the greatest common divisor of 37730 and 735?
245
What is the highest common divisor of 71480 and 60?
20
Calculate the highest common divisor of 175 and 837725.
175
Calculate the greatest common divisor of 53336 and 16272.
904
Calculate the highest common factor of 1155210 and 60.
30
What is the highest common divisor of 33885 and 55?
5
What is the highest common divisor of 126 and 1743966?
126
What is the greatest common factor of 170 and 3827125?
85
Calculate the greatest common factor of 255507 and 42.
21
Calculate the highest common factor o